{"id":1589,"date":"2021-02-13T22:14:02","date_gmt":"2021-02-13T22:14:02","guid":{"rendered":"http:\/\/colegiosanjosepontevedra.es\/?page_id=1589"},"modified":"2026-01-21T18:28:32","modified_gmt":"2026-01-21T18:28:32","slug":"admision","status":"publish","type":"page","link":"http:\/\/colegiosanjosepontevedra.es\/?page_id=1589","title":{"rendered":"Admisi\u00f3n"},"content":{"rendered":"\n<p> <\/p>\n\n\n\n<p>Bienvenidos a nuestra p\u00e1gina de admisi\u00f3n de nuevos alumnos y alumnas para el curso 2026 &#8211; 2027. Hemos preparado un video resumen de nuestro proyecto, tras \u00e9l, podr\u00e9is encontrar varias opciones para profundizar en la informaci\u00f3n sobre el colegio.<\/p>\n\n\n\n<figure class=\"wp-block-video\"><video controls src=\"http:\/\/colegiosanjosepontevedra.es\/wp-content\/uploads\/2025\/01\/video-promocional-2.mp4\"><\/video><\/figure>\n\n\n<p><\/p>\n<p><a href=\"http:\/\/colegiosanjosepontevedra.es\/?page_id=2029\"><img decoding=\"async\" loading=\"lazy\" class=\"alignnone wp-image-1599 size-full\" src=\"http:\/\/colegiosanjosepontevedra.es\/wp-content\/uploads\/2021\/02\/visitanos.png\" alt=\"visitanos\" width=\"1920\" height=\"1080\" srcset=\"http:\/\/colegiosanjosepontevedra.es\/wp-content\/uploads\/2021\/02\/visitanos.png 1920w, http:\/\/colegiosanjosepontevedra.es\/wp-content\/uploads\/2021\/02\/visitanos-300x169.png 300w, http:\/\/colegiosanjosepontevedra.es\/wp-content\/uploads\/2021\/02\/visitanos-768x432.png 768w, http:\/\/colegiosanjosepontevedra.es\/wp-content\/uploads\/2021\/02\/visitanos-1024x576.png 1024w\" sizes=\"(max-width: 1920px) 100vw, 1920px\" \/><\/a><\/p>\n<p><a href=\"http:\/\/colegiosanjosepontevedra.es\/?page_id=1631\"><img decoding=\"async\" loading=\"lazy\" class=\"alignnone wp-image-1610 size-full\" src=\"http:\/\/colegiosanjosepontevedra.es\/wp-content\/uploads\/2021\/02\/proyecto.png\" alt=\"proyecto\" width=\"1920\" height=\"1080\" srcset=\"http:\/\/colegiosanjosepontevedra.es\/wp-content\/uploads\/2021\/02\/proyecto.png 1920w, http:\/\/colegiosanjosepontevedra.es\/wp-content\/uploads\/2021\/02\/proyecto-300x169.png 300w, http:\/\/colegiosanjosepontevedra.es\/wp-content\/uploads\/2021\/02\/proyecto-768x432.png 768w, http:\/\/colegiosanjosepontevedra.es\/wp-content\/uploads\/2021\/02\/proyecto-1024x576.png 1024w\" sizes=\"(max-width: 1920px) 100vw, 1920px\" \/><\/a><\/p>\n<p><a href=\"http:\/\/colegiosanjosepontevedra.es\/?page_id=1635\"><img decoding=\"async\" loading=\"lazy\" class=\"alignnone wp-image-1648 size-full\" src=\"http:\/\/colegiosanjosepontevedra.es\/wp-content\/uploads\/2021\/02\/educacioninfantil2.png\" alt=\"educacioninfantil2\" width=\"1920\" height=\"1080\" srcset=\"http:\/\/colegiosanjosepontevedra.es\/wp-content\/uploads\/2021\/02\/educacioninfantil2.png 1920w, http:\/\/colegiosanjosepontevedra.es\/wp-content\/uploads\/2021\/02\/educacioninfantil2-300x169.png 300w, http:\/\/colegiosanjosepontevedra.es\/wp-content\/uploads\/2021\/02\/educacioninfantil2-768x432.png 768w, http:\/\/colegiosanjosepontevedra.es\/wp-content\/uploads\/2021\/02\/educacioninfantil2-1024x576.png 1024w\" sizes=\"(max-width: 1920px) 100vw, 1920px\" \/><\/a><\/p>\n<p><a href=\"http:\/\/colegiosanjosepontevedra.es\/?page_id=1637\" rel=\"attachment wp-att-1650\"><img decoding=\"async\" loading=\"lazy\" class=\"alignnone size-full wp-image-1650\" src=\"http:\/\/colegiosanjosepontevedra.es\/wp-content\/uploads\/2021\/02\/educacionprimaria2.png\" alt=\"educacionprimaria2\" width=\"1920\" height=\"1080\" srcset=\"http:\/\/colegiosanjosepontevedra.es\/wp-content\/uploads\/2021\/02\/educacionprimaria2.png 1920w, http:\/\/colegiosanjosepontevedra.es\/wp-content\/uploads\/2021\/02\/educacionprimaria2-300x169.png 300w, http:\/\/colegiosanjosepontevedra.es\/wp-content\/uploads\/2021\/02\/educacionprimaria2-768x432.png 768w, http:\/\/colegiosanjosepontevedra.es\/wp-content\/uploads\/2021\/02\/educacionprimaria2-1024x576.png 1024w\" sizes=\"(max-width: 1920px) 100vw, 1920px\" \/><\/a><\/p>\n<p><a href=\"http:\/\/colegiosanjosepontevedra.es\/?page_id=1663\" rel=\"attachment wp-att-1723\"><img decoding=\"async\" loading=\"lazy\" class=\"aligncenter size-full wp-image-1723\" src=\"http:\/\/colegiosanjosepontevedra.es\/wp-content\/uploads\/2021\/02\/servicios3.png\" alt=\"servicios3\" width=\"1920\" height=\"1080\" srcset=\"http:\/\/colegiosanjosepontevedra.es\/wp-content\/uploads\/2021\/02\/servicios3.png 1920w, http:\/\/colegiosanjosepontevedra.es\/wp-content\/uploads\/2021\/02\/servicios3-300x169.png 300w, http:\/\/colegiosanjosepontevedra.es\/wp-content\/uploads\/2021\/02\/servicios3-768x432.png 768w, http:\/\/colegiosanjosepontevedra.es\/wp-content\/uploads\/2021\/02\/servicios3-1024x576.png 1024w\" sizes=\"(max-width: 1920px) 100vw, 1920px\" \/><\/a><\/p>\n<p><a href=\"http:\/\/colegiosanjosepontevedra.es\/?page_id=1641\" rel=\"attachment wp-att-1675\"><img decoding=\"async\" loading=\"lazy\" class=\"alignnone size-full wp-image-1675\" src=\"http:\/\/colegiosanjosepontevedra.es\/wp-content\/uploads\/2021\/02\/informacion-y-admision.png\" alt=\"informacion y admision\" width=\"1920\" height=\"1080\" srcset=\"http:\/\/colegiosanjosepontevedra.es\/wp-content\/uploads\/2021\/02\/informacion-y-admision.png 1920w, http:\/\/colegiosanjosepontevedra.es\/wp-content\/uploads\/2021\/02\/informacion-y-admision-300x169.png 300w, http:\/\/colegiosanjosepontevedra.es\/wp-content\/uploads\/2021\/02\/informacion-y-admision-768x432.png 768w, http:\/\/colegiosanjosepontevedra.es\/wp-content\/uploads\/2021\/02\/informacion-y-admision-1024x576.png 1024w\" sizes=\"(max-width: 1920px) 100vw, 1920px\" \/><\/a><\/p>","protected":false},"excerpt":{"rendered":"<p>Bienvenidos a nuestra p\u00e1gina de admisi\u00f3n de nuevos alumnos y alumnas para el curso 2026 &#8211; 2027. Hemos preparado un video resumen de nuestro proyecto, tras \u00e9l, podr\u00e9is encontrar varias opciones para profundizar en la informaci\u00f3n sobre el colegio.<\/p>\n","protected":false},"author":1,"featured_media":0,"parent":0,"menu_order":0,"comment_status":"closed","ping_status":"closed","template":"","meta":[],"_links":{"self":[{"href":"http:\/\/colegiosanjosepontevedra.es\/index.php?rest_route=\/wp\/v2\/pages\/1589"}],"collection":[{"href":"http:\/\/colegiosanjosepontevedra.es\/index.php?rest_route=\/wp\/v2\/pages"}],"about":[{"href":"http:\/\/colegiosanjosepontevedra.es\/index.php?rest_route=\/wp\/v2\/types\/page"}],"author":[{"embeddable":true,"href":"http:\/\/colegiosanjosepontevedra.es\/index.php?rest_route=\/wp\/v2\/users\/1"}],"replies":[{"embeddable":true,"href":"http:\/\/colegiosanjosepontevedra.es\/index.php?rest_route=%2Fwp%2Fv2%2Fcomments&post=1589"}],"version-history":[{"count":34,"href":"http:\/\/colegiosanjosepontevedra.es\/index.php?rest_route=\/wp\/v2\/pages\/1589\/revisions"}],"predecessor-version":[{"id":3337,"href":"http:\/\/colegiosanjosepontevedra.es\/index.php?rest_route=\/wp\/v2\/pages\/1589\/revisions\/3337"}],"wp:attachment":[{"href":"http:\/\/colegiosanjosepontevedra.es\/index.php?rest_route=%2Fwp%2Fv2%2Fmedia&parent=1589"}],"curies":[{"name":"wp","href":"https:\/\/api.w.org\/{rel}","templated":true}]}}