{"id":430,"date":"2014-10-20T09:00:19","date_gmt":"2014-10-20T08:00:19","guid":{"rendered":"http:\/\/www.colegiosanjosepontevedra.es\/?page_id=430"},"modified":"2026-08-31T19:46:20","modified_gmt":"2026-08-31T19:46:20","slug":"calendario-escolar","status":"publish","type":"page","link":"https:\/\/colegiosanjosepontevedra.es\/?page_id=430","title":{"rendered":"Calendario Escolar"},"content":{"rendered":"<p><a href=\"https:\/\/www.xunta.gal\/dog\/Publicados\/2026\/20260615\/AnuncioG0761-050626-0001_es.html\" target=\"_blank\" rel=\"noopener\">Calendario escolar 2026 2027 DOGA<\/a><\/p>\n\n\n<figure class=\"wp-block-gallery has-nested-images columns-default is-cropped wp-block-gallery-1 is-layout-flex wp-block-gallery-is-layout-flex\">\n<figure class=\"wp-block-image size-large\"><img loading=\"lazy\" decoding=\"async\" width=\"724\" height=\"1024\" data-id=\"4161\" src=\"https:\/\/colegiosanjosepontevedra.es\/wp-content\/uploads\/2026\/08\/Cartel-calendario-curso-2026-2027-web-724x1024.png\" alt=\"\" class=\"wp-image-4161\" srcset=\"https:\/\/colegiosanjosepontevedra.es\/wp-content\/uploads\/2026\/08\/Cartel-calendario-curso-2026-2027-web-724x1024.png 724w, https:\/\/colegiosanjosepontevedra.es\/wp-content\/uploads\/2026\/08\/Cartel-calendario-curso-2026-2027-web-212x300.png 212w, https:\/\/colegiosanjosepontevedra.es\/wp-content\/uploads\/2026\/08\/Cartel-calendario-curso-2026-2027-web-768x1086.png 768w, https:\/\/colegiosanjosepontevedra.es\/wp-content\/uploads\/2026\/08\/Cartel-calendario-curso-2026-2027-web-1086x1536.png 1086w, https:\/\/colegiosanjosepontevedra.es\/wp-content\/uploads\/2026\/08\/Cartel-calendario-curso-2026-2027-web-1448x2048.png 1448w, https:\/\/colegiosanjosepontevedra.es\/wp-content\/uploads\/2026\/08\/Cartel-calendario-curso-2026-2027-web.png 1587w\" sizes=\"auto, (max-width: 724px) 100vw, 724px\" \/><\/figure>\n<\/figure>\n\n\n\n<p class=\"wp-block-paragraph\">De acuerdo con lo establecido en la Orden de 4 de junio de 2026, por la que se aprueba el calendario escolar para el curso 2026\/2027 en los centros docentes sostenidos con fondos p\u00fablicos de la Comunidad Aut\u00f3noma de Galicia, el centro ha solicitado al Servicio de Inspecci\u00f3n Educativa la consideraci\u00f3n como d\u00edas no lectivos de las siguientes fechas:<\/p>\n\n\n\n<ul class=\"wp-block-list\">\n<li><strong>13 de octubre de 2026<\/strong><\/li>\n\n\n\n<li><strong>18 de mayo de 2027<\/strong><\/li>\n<\/ul>\n\n\n\n<p class=\"wp-block-paragraph\">La solicitud queda pendiente de la correspondiente <strong>aprobaci\u00f3n por parte del Servicio de Inspecci\u00f3n Educativa<\/strong>.<\/p>\n\n\n\n<p class=\"wp-block-paragraph\"><\/p>\n\n\n\n<p class=\"wp-block-paragraph\"><\/p>\n","protected":false},"excerpt":{"rendered":"<p>Calendario escolar 2026 2027 DOGA De acuerdo con lo establecido en la Orden de 4 de junio de 2026, por la que se aprueba el calendario escolar para el curso 2026\/2027 en los centros docentes sostenidos con fondos p\u00fablicos de la Comunidad Aut\u00f3noma de Galicia, el centro ha solicitado al Servicio de Inspecci\u00f3n Educativa la consideraci\u00f3n como d\u00edas no lectivos &hellip; <a href=\"https:\/\/colegiosanjosepontevedra.es\/?page_id=430\">Sigue leyendo <span class=\"meta-nav\">&rarr;<\/span><\/a><\/p>\n","protected":false},"author":1,"featured_media":0,"parent":33,"menu_order":6,"comment_status":"closed","ping_status":"open","template":"","meta":{"footnotes":""},"class_list":["post-430","page","type-page","status-publish","hentry"],"_links":{"self":[{"href":"https:\/\/colegiosanjosepontevedra.es\/index.php?rest_route=\/wp\/v2\/pages\/430","targetHints":{"allow":["GET"]}}],"collection":[{"href":"https:\/\/colegiosanjosepontevedra.es\/index.php?rest_route=\/wp\/v2\/pages"}],"about":[{"href":"https:\/\/colegiosanjosepontevedra.es\/index.php?rest_route=\/wp\/v2\/types\/page"}],"author":[{"embeddable":true,"href":"https:\/\/colegiosanjosepontevedra.es\/index.php?rest_route=\/wp\/v2\/users\/1"}],"replies":[{"embeddable":true,"href":"https:\/\/colegiosanjosepontevedra.es\/index.php?rest_route=%2Fwp%2Fv2%2Fcomments&post=430"}],"version-history":[{"count":37,"href":"https:\/\/colegiosanjosepontevedra.es\/index.php?rest_route=\/wp\/v2\/pages\/430\/revisions"}],"predecessor-version":[{"id":4163,"href":"https:\/\/colegiosanjosepontevedra.es\/index.php?rest_route=\/wp\/v2\/pages\/430\/revisions\/4163"}],"up":[{"embeddable":true,"href":"https:\/\/colegiosanjosepontevedra.es\/index.php?rest_route=\/wp\/v2\/pages\/33"}],"wp:attachment":[{"href":"https:\/\/colegiosanjosepontevedra.es\/index.php?rest_route=%2Fwp%2Fv2%2Fmedia&parent=430"}],"curies":[{"name":"wp","href":"https:\/\/api.w.org\/{rel}","templated":true}]}}

<p><a href="https://www.xunta.gal/dog/Publicados/2026/20260615/AnuncioG0761-050626-0001_es.html" target="_blank" rel="noopener">Calendario escolar 2026 2027 DOGA</a></p>


<figure class="wp-block-gallery has-nested-images columns-default is-cropped wp-block-gallery-1 is-layout-flex wp-block-gallery-is-layout-flex">
<figure class="wp-block-image size-large"><img loading="lazy" decoding="async" width="724" height="1024" data-id="4161" src="https://colegiosanjosepontevedra.es/wp-content/uploads/2026/08/Cartel-calendario-curso-2026-2027-web-724x1024.png" alt="" class="wp-image-4161" srcset="https://colegiosanjosepontevedra.es/wp-content/uploads/2026/08/Cartel-calendario-curso-2026-2027-web-724x1024.png 724w, https://colegiosanjosepontevedra.es/wp-content/uploads/2026/08/Cartel-calendario-curso-2026-2027-web-212x300.png 212w, https://colegiosanjosepontevedra.es/wp-content/uploads/2026/08/Cartel-calendario-curso-2026-2027-web-768x1086.png 768w, https://colegiosanjosepontevedra.es/wp-content/uploads/2026/08/Cartel-calendario-curso-2026-2027-web-1086x1536.png 1086w, https://colegiosanjosepontevedra.es/wp-content/uploads/2026/08/Cartel-calendario-curso-2026-2027-web-1448x2048.png 1448w, https://colegiosanjosepontevedra.es/wp-content/uploads/2026/08/Cartel-calendario-curso-2026-2027-web.png 1587w" sizes="auto, (max-width: 724px) 100vw, 724px" /></figure>
</figure>



<p class="wp-block-paragraph">De acuerdo con lo establecido en la Orden de 4 de junio de 2026, por la que se aprueba el calendario escolar para el curso 2026/2027 en los centros docentes sostenidos con fondos públicos de la Comunidad Autónoma de Galicia, el centro ha solicitado al Servicio de Inspección Educativa la consideración como días no lectivos de las siguientes fechas:</p>



<ul class="wp-block-list">
<li><strong>13 de octubre de 2026</strong></li>



<li><strong>18 de mayo de 2027</strong></li>
</ul>



<p class="wp-block-paragraph">La solicitud queda pendiente de la correspondiente <strong>aprobación por parte del Servicio de Inspección Educativa</strong>.</p>



<p class="wp-block-paragraph"></p>



<p class="wp-block-paragraph"></p>

<p>Calendario escolar 2026 2027 DOGA De acuerdo con lo establecido en la Orden de 4 de junio de 2026, por la que se aprueba el calendario escolar para el curso 2026/2027 en los centros docentes sostenidos con fondos públicos de la Comunidad Autónoma de Galicia, el centro ha solicitado al Servicio de Inspección Educativa la consideración como días no lectivos &hellip; <a href="https://colegiosanjosepontevedra.es/?page_id=430">Sigue leyendo <span class="meta-nav">&rarr;</span></a></p>
